est common factor of b and f?
3
Let q be 26/(-2) + (2 - 6). Suppose b - 10 = -3*t + 8, -2*t = b - 15. Let c = b - q. What is the greatest common factor of c and 39?
13
Let y = -29 + 34. Calculate the greatest common factor of y and 20.
5
Let u = 0 - -4. Suppose -u*g = -0*g. Suppose g = 2*w - 29 - 7. Calculate the greatest common divisor of 6 and w.
6
Let c(u) = u - 10. Let o be c(7). Let k = 29 - o. Suppose 0 = -i + 3*i - k. What is the greatest common factor of i and 8?
8
Let f be ((-102)/(-4))/((-42)/(-196)). What is the greatest common divisor of 17 and f?
17
Let a be (-9 + 2)/(1 - 0)*-3. Calculate the highest common factor of a and 3.
3
Let t(a) = a**2 + 7*a + 6. Let n be t(-7). Let z = 8 - n. Suppose 4*p + 5*i = 78, 0*i = -p + 3*i + 28. What is the highest common factor of p and z?
2
Suppose -4*a - 5 = -9. Calculate the greatest common factor of a and 11.
1
Let w = -81 + 95. Let j be 1*(-4)/(-1 + -1). Let a be j + (1 + -1 - 0). What is the highest common factor of a and w?
2
Let o(i) = i**2 + 5*i + 4 + 2 - 1. Let f be o(-6). Let r(m) = m + 6. Let l be r(-5). Calculate the greatest common divisor of f and l.
1
Let p(z) = -z**3 - 2*z**2 + 1. Let x be p(-2). Suppose x = -3*l + 31. What is the highest common factor of l and 80?
10
Suppose -5*u - 4*v = -0*u - 80, 2*v + 30 = u. Suppose -4*b = -2*w + 72, 3*b - u = -4*w + 69. Calculate the greatest common factor of w and 13.
13
Suppose 5*i + 76 = d, -i - 236 = -4*d + 2*i. Let g be 1/(((-3)/(-24))/1). What is the greatest common divisor of g and d?
8
Let w = 27 - 17. What is the greatest common divisor of w and 25?
5
Let x(k) = -k**3 + 2*k**2 + 3*k - 3. Let m be x(2). Suppose 1 = -m*t + 7. Calculate the highest common factor of t and 2.
2
Suppose 0 = d - 0*d - 5*k - 119, 0 = d - 2*k - 107. What is the greatest common factor of 11 and d?
11
Let b = -3 + 2. Let u be (0 - b)*(-3 + 11). Calculate the greatest common factor of u and 8.
8
Let k = -16 + 22. Let b = k + 0. Calculate the greatest common divisor of b and 24.
6
Let j(w) = 3*w - 3. Let h = -29 - -40. Suppose t - h = -4*s, -2*t - 3*s = -3*t + 4. Let g be j(t). What is the greatest common divisor of 27 and g?
9
Let h = -52 + 56. What is the highest common factor of 6 and h?
2
Let v be 2/1 + 2 - -115. Calculate the highest common factor of v and 7.
7
Let b be 1*(-2 + 0 - -14). Let p = -135 - -147. What is the greatest common divisor of p and b?
12
Suppose 0 = 4*o - 36. Suppose -o + 1 = -4*y. Let b be (-1)/y - 67/(-2). What is the greatest common divisor of 3 and b?
3
Let a(h) = 2 + 5*h - 5 + 3*h - 3*h. Let v be a(3). What is the greatest common factor of 84 and v?
12
Let y(u) = u**2 + u - 7. Let a be y(5). What is the greatest common divisor of 23 and a?
23
Let q = -13 + 7. Let n be 12/(9/q - -3). What is the highest common divisor of 24 and n?
8
Suppose -66 = -2*w - w - d, -3*w + 63 = 2*d. Suppose -5*h - 38 = 12. Let y = h + w. What is the highest common factor of y and 78?
13
Suppose -3*h = -50 - 25. What is the greatest common divisor of 275 and h?
25
Suppose -8*h + 88 = 8. What is the greatest common factor of 90 and h?
10
Suppose -2*o = -0*o - 182. What is the greatest common divisor of o and 13?
13
Let i = 8 + -5. Suppose i*t + 120 = 3*f, 2*f + t = 7*f - 220. Let l(q) = q. Let b be l(5). What is the highest common factor of f and b?
5
Suppose 2*i - 4*i = 0. Suppose i*s = 2*s - 20. Let b be (s/(-4) - -2)*-28. What is the highest common divisor of b and 126?
14
Let s = 48 - 31. What is the highest common factor of s and 136?
17
Let b be 1/((-6)/8*(-4)/162). What is the highest common divisor of 18 and b?
18
Suppose 6*j - 5*v = 3*j + 145, 2*j - v = 106. Calculate the highest common divisor of j and 22.
11
Suppose 0*u - 3*u = 0. Suppose u = 5*f, -4*p - 2*f + 12 = 3*f. Suppose 0 = -k + 2*g, -4*k + 0*k + 33 = 3*g. Calculate the highest common factor of p and k.
3
Let g be 0 + 15 + 0 + -1. Suppose 3*x = -5*b + x + 766, 160 = b - 3*x. What is the greatest common divisor of g and b?
14
Suppose 0 = 12*v - 7*v. Suppose v*o - o + 42 = 0. Calculate the greatest common factor of o and 6.
6
Let o = -13 + 7. Let z be (4/o)/(1/3). Let u = 6 - z. What is the greatest common factor of u and 88?
8
Let o = -10 + 17. Suppose -3*k - 20 = -o*k, -124 = -3*w + 4*k. Suppose d + 3 = 9. Calculate the highest common divisor of d and w.
6
Suppose 2*o - 76 = -44. Calculate the highest common factor of o and 80.
16
Let g = 748 + -528. Calculate the greatest common factor of g and 20.
20
Let t be (-4)/8*(-53 + -1 - 0). What is the highest common factor of t and 36?
9
Suppose 4*d = d. Let o(q) = 13 + 3*q + q**2 - 2*q - 3 - q**3. Let j be o(d). Calculate the greatest common factor of j and 50.
10
Suppose -16*l + 4 = -12*l. Suppose 0 = -6*i + 2*i + 4. Calculate the greatest common factor of i and l.
1
Suppose 4*s - 19 = 3*w - 8, -4*s + 4*w + 8 = 0. Suppose -3*j - 2*j + 150 = -5*a, -a - 146 = -s*j. What is the greatest common factor of j and 87?
29
Suppose -2*z + 4*z = 8. Suppose -z*t + 2*h + 48 = 0, 0 = -2*t + t - h + 6. Calculate the highest common divisor of 90 and t.
10
Suppose -3*r = 5*g - 18, -2*g - 3*g + 14 = -r. Let q be ((r - 7)/(-3))/(-1). Let l = q - -12. What is the highest common divisor of 5 and l?
5
Let r be 31 + (4 - (-1 + 1)). What is the highest common divisor of 280 and r?
35
Let s(l) = l**2 - 13. Let t be s(0). Let n = t + 47. Let q = 186 + -101. What is the highest common factor of q and n?
17
Suppose 4*h + 2*j - 74 = 0, -4*h - 4*j + 42 + 22 = 0. What is the greatest common divisor of 42 and h?
21
Let z be 3*2/3 + 9. Let i(k) be the first derivative of 122*k**3/3 - k - 4. Let n be i(1). Calculate the greatest common divisor of z and n.
11
Let l be ((-2)/3)/((-2)/6). Suppose 21 = c - 5*x, -5*c + 3*x + 78 = 5*x. Calculate the highest common factor of c and l.
2
Let j be 485/15 - 2/(-3). Let z be (1*-15)/(3/(-22)). Suppose -3*l = 2*l - z. Calculate the highest common divisor of j and l.
11
Let s be 7/(147/(-6)) - (-886)/14. Let r(p) = -4*p**2 + 1. Let f be r(2). Let a = f - -57. What is the greatest common divisor of s and a?
21
Let r(o) = o**3 - 8*o**2 + 2*o. Let m be r(8). Calculate the highest common factor of 64 and m.
16
Suppose 39 - 201 = -9*l. What is the greatest common divisor of l and 198?
18
Let a(r) = 4*r**3 - 4*r**3 - r**3 - 8*r - 2 + 7 + 7*r**2. Let s be a(5). Let d = -1 + 6. Calculate the highest common factor of s and d.
5
Let l be (-1 + 4)*64/24. Suppose l = q - 0. What is the highest common factor of q and 8?
8
Let w = 31 - 22. Calculate the greatest common divisor of 45 and w.
9
Let l(g) = -g**2 - 5*g - 2. Let x be l(-5). Let p be 0*(2 - 1)/x. Let z be 2 + -4 + 11 - p. Calculate the highest common factor of 90 and z.
9
Let w be 17 - 6*2/(-4). Calculate the highest common factor of w and 80.
20
Suppose 0 = -4*j - 5*z + 149, 88*z - 87*z = 2*j - 71. Suppose -5*a - 35 = -5*v, 0*a - 5*a = 5*v - 85. Calculate the greatest common divisor of j and v.
12
Suppose -10*w + 9*w + 4 = 0. Let f = 53 - 17. Calculate the highest common divisor of f and w.
4
Let j be 2/((1/(-18))/1). Let z be j/(-3*1) + -2. Suppose 8 + z = 2*p. What is the greatest common divisor of p and 6?
3
Let c = 43 - 22. Let y be 3 + -3*c/(-9). Let q = 0 - -4. Calculate the highest common divisor of y and q.
2
Let q = 435 - 223. Calculate the highest common divisor of q and 53.
53
Let x = 4 + -3. Let l(j) = 2*j. Let m be l(x). Let r be 1 + -3 + m - -9. Calculate the highest common factor of r and 27.
9
Let f(o) = o**3 - 8*o**2 - 7*o - 2. Let x be f(9). What is the greatest common factor of x and 2?
2
Let k = 285 + -65. Calculate the highest common divisor of 44 and k.
44
Let r = 14 - 1. Suppose -3*g + r = -2*u, -3*u = -5*g - 0*u + 21. Calculate the highest common factor of g and 21.
3
Suppose -32 = -4*b + 2*c, -b + 1 = -0*b - 4*c. What is the greatest common factor of b and 6?
3
Let d be (2/(-5))/((-4)/180). Let t be (-38)/9 + 4/d. Let x be t/(-6) + 14/6. Calculate the highest common divisor of 27 and x.
3
Let h = 5 - 4. Let t = h - -9. Let m be 68/1 - 8/(-4). What is the highest common divisor of t and m?
10
Let h be 297/12 - (-15)/(-20). Suppose 0 = -2*i + 3 + 3. Suppose i*c = -0*c + h. Calculate the highest common divisor of c and 72.
8
Suppose -u - 46 + 57 = 0. Calculate the g